In base 10, what is 90 + -2?
88
In base 2, what is -10100 - -1011?
-1001
In base 15, what is -8 + a8?
a0
In base 16, what is b - 155?
-14a
In base 16, what is 2d + -2?
2b
In base 11, what is -1 + 129?
128
In base 11, what is 3 - -1aa?
202
In base 14, what is 2 + 29?
2b
In base 2, what is 1110 - 1001?
101
In base 2, what is 11010 - -1100?
100110
In base 8, what is -2 - 1265?
-1267
In base 4, what is -3001 + -11?
-3012
In base 2, what is -1010111010 + 1110?
-1010101100
In base 2, what is -100 - -111000100?
111000000
In base 5, what is -302 - 134?
-441
In base 8, what is -2 + -34?
-36
In base 14, what is -3 + -30?
-33
In base 10, what is -804 + -1?
-805
In base 7, what is -2 - 126?
-131
In base 15, what is -233 - -2?
-231
In base 10, what is 128 + -20?
108
In base 9, what is 63176 - -4?
63181
In base 7, what is -364 - 5?
-402
In base 9, what is -1486 - -1?
-1485
In base 4, what is -1102 + 113?
-323
In base 13, what is 22 - -c?
31
In base 11, what is -4343 + -2?
-4345
In base 5, what is -10 + 44?
34
In base 15, what is 8 - 5?
3
In base 7, what is 161 - 35?
123
In base 2, what is -111000 - 10?
-111010
In base 5, what is -102 - 3421?
-4023
In base 11, what is -1057a + 3?
-10577
In base 8, what is -36227 + 1?
-36226
In base 5, what is -2 + 303?
301
In base 3, what is 12 - -22201?
22220
In base 5, what is 214 - 3?
211
In base 5, what is 3 + 13?
21
In base 9, what is -31 - -1?
-30
In base 16, what is 4 - -ad?
b1
In base 16, what is -48 - 54?
-9c
In base 12, what is 8a3 - 1?
8a2
In base 8, what is 1 + 147?
150
In base 16, what is 0 + 2d?
2d
In base 10, what is -1134 - -5?
-1129
In base 14, what is 7b59 + 5?
7b60
In base 9, what is 2 + 375?
377
In base 8, what is 304 - 2?
302
In base 12, what is 13 - -21?
34
In base 7, what is -305 + 4?
-301
In base 11, what is -16488 - 4?
-16491
In base 7, what is -104 + -12?
-116
In base 11, what is 2 - -731?
733
In base 12, what is 1 + 960?
961
In base 6, what is -541 - -2?
-535
In base 11, what is -4187 + -5?
-4191
In base 12, what is 177 + 4?
17b
In base 5, what is 14 - 3242?
-3223
In base 15, what is 1 + -15?
-14
In base 12, what is -3 + 48?
45
In base 4, what is 2001 - -330?
2331
In base 3, what is -1020100100 - -12?
-1020100011
In base 5, what is -11 - 310?
-321
In base 12, what is 34 - 2?
32
In base 6, what is 3 + -21?
-14
In base 8, what is -530 - -3?
-525
In base 9, what is 34 - -228?
263
In base 16, what is 517 - -d?
524
In base 15, what is 16 - -44?
5a
In base 6, what is -114 - -5?
-105
In base 10, what is 135 - 2?
133
In base 13, what is 28 + 3?
2b
In base 12, what is -6 - -86b?
865
In base 4, what is 11 - 112?
-101
In base 13, what is 0 - -608?
608
In base 3, what is 12222 - -11?
20010
In base 9, what is -7 + -324?
-332
In base 13, what is -3 + 10a?
107
In base 12, what is 5 - -29?
32
In base 15, what is 66 - -5?
6b
In base 14, what is 4 + 41?
45
In base 3, what is -10111 - -11?
-10100
In base 3, what is 101222 + -2?
101220
In base 3, what is -101 + 2?
-22
In base 2, what is 101 + 100001101?
100010010
In base 12, what is -2 - a?
-10
In base 9, what is 0 - 1275?
-1275
In base 13, what is 44 - -c6?
13a
In base 6, what is -13321 - -2?
-13315
In base 10, what is 30 + -4?
26
In base 15, what is 1 + -6b?
-6a
In base 6, what is -11 + -24?
-35
In base 8, what is -65 - 1?
-66
In base 10, what is 4 + -89?
-85
In base 5, what is -10 + 2002?
1442
In base 15, what is 0 - 5?
-5
In base 15, what is 6 + 12b0?
12b6
In base 5, what is 20 - 2241?
-2221
In base 14, what is -2 + -61?
-63
In base 16, what is 1 + 99?
9a
In base 13, what is 194 - -4?
198
In base 14, what is -4 + 731?
72b
In base 6, what is -14 - 34?
-52
In base 8, what is 13 + 27?
42
In base 9, what is -4 + -72?
-76
In base 16, what is 409 + -4?
405
In base 3, what is 12 - -11112?
11201
In base 9, what is -358 + 4?
-354
In base 10, what is 21 - -422?
443
In base 2, what is -1001101 + -101?
-1010010
In base 5, what is 0 + 3031?
3031
In base 8, what is 2 + 1154?
1156
In base 12, what is 5 + -49?
-44
In base 11, what is -269 + 60?
-209
In base 4, what is -3 + 10213?
10210
In base 15, what is 0 - 12?
-12
In base 8, what is -11 - 3305?
-3316
In base 6, what is -4511 - 0?
-4511
In base 8, what is -6 + 1647?
1641
In base 3, what is -12 + -22102?
-22121
In base 12, what is -17 - 8a4?
-8bb
In base 9, what is 27 + -16?
11
In base 9, what is 6 + -21?
-14
In base 11, what is 75 + -1?
74
In base 10, what is 0 - -335?
335
In base 16, what is -2d4 + -9?
-2dd
In base 5, what is -102 - -13?
-34
In base 3, what is -12012 + 112?
-11200
In base 10, what is -4 - 47?
-51
In base 12, what is 249 - 2?
247
In base 2, what is 11000010000100 + -100?
11000010000000
In base 13, what is -21 - -1bb?
19a
In base 15, what is 45 + c?
52
In base 8, what is -34471 - -2?
-34467
In base 8, what is 1 + -4?
-3
In base 10, what is -4177 + -3?
-4180
In base 7, what is 4 - -1210?
1214
In base 3, what is 2 + -110?
-101
In base 13, what is 424 - 5?
41c
In base 5, what is -314 + -21?
-340
In base 15, what is ba + 63?
12d
In base 15, what is -19e - -20?
-17e
In base 16, what is 0 + -d6?
-d6
In base 10, what is 158 - 4?
154
In base 9, what is 4 - -6287?
6302
In base 5, what is 2 + 23144?
23201
In base 14, what is 4a - -7?
53
In base 6, what is 2 + 2401?
2403
In base 12, what is 228 + 10?
238
In base 3, what is -12011 - 11?
-12022
In base 7, what is 5 + -2205?
-2200
In base 15, what is -ab - 1?
-ac
In base 9, what is 57 + -706?
-638
In base 2, what is -1011000 - -1011?
-1001101
In base 15, what is 17 - 1a?
-3
In base 5, what is 344 - -1?
400
In base 4, what is -3 - -112?
103
In base 10, what is 12 + 1893?
1905
In base 8, what is -30 - -1?
-27
In base 9, what is -1724 - 11?
-1735
In base 9, what is 22 + -30?
-7
In base 11, what is 5a - -23?
82
In base 9, what is 207 - -2?
210
In base 3, what is 10 - -1112101?
1112111
In base 12, what is -a6 - 126?
-210
In base 16, what is -4 - 52?
-56
In base 11, what is -9 + -3?
-11
In base 3, what is -2210 + 1201?
-1002
In base 13, what is -1 - -148?
147
In base 13, what is -8bb3 + 3?
-8bb0
In base 4, what is -112 + 123?
11
In base 15, what is -4 + 4bc?
4b8
In base 8, what is -5375 + 4?
-5371
In base 13, what is -34 + -5?
-39
In base 6, what is 5 + 2343?
2352
In base 16, what is 12f1 - 0?
12f1
In base 13, what is 249 + -1?
248
In base 2, what is -10 + 111100101101?
111100101011
In base 15, what is 0 - -1ae8?
1ae8
In base 5, what is 3 - -1?
4
In base 11, what is -2 - 16?
-18
In base 12, what is -5 + 109?
104
In base 12, what is 1 - -3a?
3b
In base 10, what is 3466 + -1?
3465
In base 9, what is 1 - -451?
452
In base 4, what is -32033 - -20?
-32013
In base 14, what is b5 + 1?
b6
In base 2, what is -11110011 - 1?
-11110100
In base 16, what is b72 - -3?
b75
In base 12, what is -4 + 21a?
216
In base 2, what is 101010 + 1111?
111001
In base 5, what is 0 - 1001?
-1001
In base 5, what is -21 - -1024?
1003
In base 16, what is -34 + 4?
-30
In base 9, what is 263 - 8?
254
In base 4, what is 110 - -10?
120
In base 6, what is 13522 + 30?
13552
In base 9, what is -83 + 67?
-15
In base 9, what is 448 - -34?
483
In base 12, what is -2 - -57?
55
In base 16, what is a + -1?
9
In base 7, what is -21 + -212?
-233
In base 9, what is 23 + 34?
57
In base 4, what is -1203 - 12?
-1221
In base 4, what is 1 + -11011?
-11010
In base 7, what is 1230 - -2?
1232
In base 9, what is 3 + 7181?
7184
In base 14, what is 2 - -8b?
8d
In base 8, what is -1375 - 10?
-1405
In base 6, what is 23 + 303?
330
In base 13, what is 57 - 5?
52
In base 13, what is -3c67 + -5?
-3c6c
In base 9, what is 4 - -1272?
1276
In base 15, what is -4 - -a3?
9e
In base 2, what is -1011111 - 0?
-1011111
In base 8, what is 210 + -1?
207
In base 13, what is 2 + 617?
619
In base 10, what is -1226 - -23?
-1203
In base 12, what is -2 - -122?
120
In base 3, what is -12 + 21002?
20220
In base 12, what is 0 - 6a?
-6a
In base 2, what is -1001 + -10011?
-11100
In base 13, what is 4 + 1260?
1264
In base 5, what is 232302 + -10?
232242
In base 11, what is -1850 - -2?
-1849
In base 13, what is 428 - -7?
432
In base 2, what is 1111001100100 + -101?
1111001011111
In base 8, what is 1342 - 4?
1336
In base 6, what is 0 + 22032?
22032
In base 8, what is 7 + 561?
570
In base 14, what is -b70 + 1?
-b6d
In base 12, what is 567 - -2?
569
In base 13, what is